2) to base 13
7
Convert -31 (base 10) to base 8.
-37
What is 226 (base 9) in base 16?
ba
1 (base 11) to base 13
1
-11 (base 4) to base 14
-5
Convert -25 (base 7) to base 12.
-17
Convert -20 (base 8) to base 16.
-10
What is -2a (base 15) in base 3?
-1111
84 (base 10) to base 16
54
-55 (base 9) to base 11
-46
What is -2 (base 10) in base 3?
-2
What is 2 (base 13) in base 11?
2
What is 2210 (base 4) in base 10?
164
11 (base 2) to base 12
3
30 (base 13) to base 12
33
1 (base 14) to base 16
1
What is 2 (base 15) in base 9?
2
-6 (base 7) to base 10
-6
Convert 111 (base 4) to base 14.
17
-9 (base 16) to base 5
-14
What is -87 (base 12) in base 15?
-6d
What is -63 (base 11) in base 7?
-126
What is 152 (base 11) in base 15?
bd
What is 10010 (base 2) in base 3?
200
What is -16 (base 13) in base 12?
-17
7 (base 9) to base 10
7
15 (base 13) to base 11
17
Convert 21 (base 6) to base 11.
12
Convert -35 (base 8) to base 15.
-1e
Convert 4 (base 8) to base 2.
100
Convert -4 (base 9) to base 5.
-4
What is 101 (base 2) in base 11?
5
-99 (base 13) to base 12
-a6
0 (base 3) to base 6
0
e (base 15) to base 3
112
Convert 2 (base 14) to base 2.
10
What is -10 (base 3) in base 14?
-3
Convert -10010111 (base 2) to base 11.
-128
Convert 0 (base 12) to base 14.
0
-212 (base 5) to base 12
-49
Convert 13 (base 8) to base 5.
21
Convert -1 (base 3) to base 16.
-1
-1 (base 3) to base 14
-1
-74 (base 9) to base 11
-61
What is 13 (base 11) in base 10?
14
What is 11001 (base 2) in base 5?
100
Convert 200 (base 6) to base 4.
1020
Convert -1 (base 8) to base 7.
-1
What is 20 (base 3) in base 4?
12
Convert -6 (base 7) to base 8.
-6
-8 (base 16) to base 10
-8
-1 (base 16) to base 11
-1
-13 (base 6) to base 10
-9
1a (base 13) to base 7
32
2 (base 13) to base 6
2
What is a (base 12) in base 5?
20
Convert 0 (base 9) to base 13.
0
What is 5 (base 13) in base 6?
5
Convert -301 (base 6) to base 13.
-85
5 (base 6) to base 8
5
212 (base 4) to base 6
102
100 (base 2) to base 3
11
What is -10211 (base 3) in base 15?
-6d
Convert -5 (base 14) to base 13.
-5
a (base 12) to base 2
1010
What is -22 (base 3) in base 16?
-8
-1114 (base 5) to base 8
-237
Convert 222 (base 3) to base 9.
28
What is -3 (base 5) in base 6?
-3
Convert 10 (base 7) to base 4.
13
Convert 0 (base 15) to base 13.
0
What is 77 (base 10) in base 11?
70
Convert -1 (base 12) to base 14.
-1
0 (base 3) to base 7
0
Convert -1 (base 11) to base 5.
-1
-1 (base 15) to base 9
-1
Convert 9 (base 10) to base 5.
14
5 (base 6) to base 16
5
-13 (base 4) to base 10
-7
What is 1010111 (base 2) in base 3?
10020
What is 3 (base 16) in base 10?
3
4 (base 12) to base 10
4
Convert -2 (base 16) to base 15.
-2
Convert -11 (base 3) to base 6.
-4
Convert 17e (base 15) to base 4.
11120
What is -190 (base 12) in base 8?
-374
Convert 3 (base 4) to base 15.
3
What is 110 (base 3) in base 6?
20
-8 (base 11) to base 2
-1000
What is 53 (base 10) in base 4?
311
-39 (base 14) to base 4
-303
Convert 101101 (base 2) to base 10.
45
What is 5b (base 12) in base 14?
51
What is 1 (base 16) in base 3?
1
-5 (base 6) to base 3
-12
24 (base 8) to base 10
20
-22 (base 13) to base 2
-11100
What is -21 (base 3) in base 8?
-7
11 (base 3) to base 7
4
7 (base 16) to base 11
7
-5d (base 14) to base 3
-10002
What is -4 (base 5) in base 4?
-10
Convert 11 (base 16) to base 7.
23
-2 (base 9) to base 2
-10
Convert -2 (base 16) to base 6.
-2
Convert 36 (base 11) to base 7.
54
Convert 245 (base 7) to base 15.
8b
Convert -128 (base 11) to base 3.
-12121
1100 (base 4) to base 2
1010000
Convert 5 (base 6) to base 10.
5
What is -3 (base 7) in base 11?
-3
What is 1 (base 5) in base 7?
1
What is 6 (base 7) in base 13?
6
Convert 5 (base 14) to base 13.
5
Convert -8 (base 9) to base 6.
-12
What is -33 (base 5) in base 4?
-102
What is -2 (base 12) in base 13?
-2
-16 (base 7) to base 13
-10
4 (base 11) to base 13
4
Convert 4 (base 6) to base 16.
4
Convert -3 (base 4) to base 10.
-3
What is -2 (base 3) in base 9?
-2
Convert -3 (base 16) to base 10.
-3
Convert -33 (base 9) to base 4.
-132
0 (base 9) to base 3
0
What is -21 (base 14) in base 5?
-104
-1001 (base 2) to base 16
-9
Convert 12 (base 12) to base 13.
11
What is b (base 16) in base 12?
b
What is -1023 (base 4) in base 5?
-300
-276 (base 8) to base 4
-2332
ec (base 15) to base 16
de
What is -243 (base 5) in base 16?
-49
-3 (base 15) to base 5
-3
What is 0 (base 16) in base 15?
0
-143 (base 6) to base 13
-4b
What is -2 (base 6) in base 13?
-2
Convert 1002 (base 3) to base 15.
1e
What is 50 (base 9) in base 16?
2d
-10 (base 5) to base 8
-5
223 (base 5) to base 7
120
-75 (base 13) to base 2
-1100000
10 (base 5) to base 11
5
10 (base 16) to base 3
121
What is 15 (base 12) in base 16?
11
Convert -311 (base 4) to base 14.
-3b
59 (base 11) to base 5
224
a (base 14) to base 3
101
What is 0 (base 3) in base 9?
0
What is -10 (base 4) in base 13?
-4
2 (base 13) to base 4
2
What is -235 (base 6) in base 9?
-115
What is 0 (base 11) in base 13?
0
Convert -12 (base 6) to base 7.
-11
Convert 101001 (base 2) to base 6.
105
Convert -322 (base 6) to base 16.
-7a
What is 1 (base 2) in base 15?
1
Convert -3 (base 5) to base 12.
-3
Convert -f (base 16) to base 15.
-10
Convert 4 (base 15) to base 7.
4
Convert -3 (base 14) to base 10.
-3
Convert -93 (base 10) to base 11.
-85
What is -2 (base 15) in base 9?
-2
Convert 32 (base 6) to base 5.
40
8 (base 9) to base 6
12
Convert -2 (base 10) to base 15.
-2
What is 3 (base 10) in base 16?
3
What is 0 (base 12) in base 3?
0
Convert 5 (base 15) to base 5.
10
4 (base 7) to base 4
10
Convert 7a (base 16) to base 10.
122
-242 (base 9) to base 11
-172
What is 1433 (base 5) in base 3?
100000
Convert 4 (base 9) to base 15.
4
44 (base 6) to base 15
1d
What is 79 (base 11) in base 15?
5b
-1 (base 13) to base 6
-1
-39 (base 14) to base 8
-63
Convert 16 (base 14) to base 7.
26
345 (base 7) to base 15
c0
-1 (base 3) to base 2
-1
-386 (base 10) to base 3
-112022
Convert 6 (base 7) to base 12.
6
Convert -20 (base 4) to base 12.
-8
22 (base 4) to base 12
a
-87 (base 13) to base 9
-133
-200 (base 11) to base 14
-134
Convert 9 (base 15) to base 13.
9
What is -11 (base 6) in base 2?
-111
-1 (base 14) to base 9
-1
What is 2101 (base 4) in base 13?
b2
What is -201 (base 3) in base 15?
-14
3 (base 16) to base 8
3
What is 3 (base 14) in base 6?
3
What is -5 (base 15) in base 11?
-5
-21222 (base 3) to base 7
-425
Convert 0 (base 4) to base 16.
0
111111 (base 2) to base 12
53
-9 (base 10) to base 3
-100
-462 (base 8) to base 9
-370
Convert 1 (base 15) to base 14.
1
-7 (base 13) to base 3
-21
Convert -6 (base 11) to base 3.
-20
46 (base 10) to base 2
101110
What is 3 (base 12) in base 5?
3
-202 (base 3) to base 15
-15
What is 11 (base 7) in base 4?
20
What is -1d (base 15) in base 5?
-103
-110100 (base 2) to base 10
-52
127 (base 8) to base 2
1010111
What is -42 (base 7) in base 2?
-11110
What is 3 (base 5) in base 11?
3
Convert -54 (base 13) to base 10.
-69
-1001 (base 2) to base 13
-9
Convert -1 (base 6) to base 8.
-1
3 (base 11) to base 7
3
Convert 1a (base 14) to base 9.
26
What is -3 (base 15) in base 9?
-3
What is 3 (base 6) in base 15?
3
6 (base 16) to base 7
6
Convert -55 (base 16) to base 7.
-151
What is 22 (base 3) in base 4?
20
What is -2 (base 10) in base 7?
-2
2 (base 9) to base 13
2
What is 0 (base 13) in base 8?
0
What is -2 (base 4) in base 12?
-2
10001 (base 2) to base 3
122
13a (base 11) to base 8
244
What is -1111 (base 2) in base 15?
-10
Convert 100220 (base 3) to base 11.
223
What is -118 (base 15) in base 5?
-1443
-4 (base 8) to base 9
-4
-12 (base 16) to base 3
-200
-137 (base 9) to base 2
-1110011
Convert 4 (base 14) to base 15.
4
What is -8 (base 12) in base 10?
-8
What is -2300 (base 4) in base 10?
-176
134 (base 6) to base 4
322
-3 (base 5) to base 12
-3
Convert -20 (base 7) to base 14.
-10
Convert -b4 (base 12) to base 7.
-253
What is -13 (base 5) in base 8?
-10
Convert -372 (base 8) to base 5.
-2000
What is -3 (base 16) in base 11?
-3
What is 5b (base 15) in base 13?
68
What is 3 (base 7) in base 6?
3
Convert 18 (base 11) to base 9.
21
Convert 5 (base 13) to base 11.
5
What is 14 (base 15) in base 10?
19
What is 57 (base 15) in base 6?
214
Convert -11 (base 3) to base 12.
-4
Convert -10000 (base 2) to base 8.
-2